 s(5).
7
Let j(h) = 7*h + 1. Let u be j(-1). Let y(f) = -2*f + 2. Let b(a) = 1. Let w(n) = 6*b(n) - y(n). Determine w(u).
-8
Let n(k) = -9*k + 9. Let i(v) = 5*v - 5. Let p(r) = -11*i(r) - 6*n(r). Let u = -4 + 3. Calculate p(u).
2
Let k(o) be the third derivative of o**7/2520 + o**6/240 - o**5/120 + o**4/4 - 4*o**2. Let w(d) be the second derivative of k(d). Calculate w(-4).
3
Let m(r) be the first derivative of -r**5/60 + r**4/6 - r**3 - 3*r**2/2 - 3. Let l(k) be the second derivative of m(k). Calculate l(4).
-6
Let q(z) = z. Let i(x) = x**3 - x**2 + 2*x. Let y(c) = -i(c) + 3*q(c). Suppose 8*t + 2*t = 4*t. What is y(t)?
0
Let g(f) be the first derivative of -f**4/4 + 2*f**3/3 - f - 4. Give g(-1).
2
Let u(d) = -3*d**2 + 2*d - 2. Suppose 3*l - 6 = -0*l. Let n be u(l). Let z be n/6 + (-2)/6. Let m(k) = -2*k**2 - 3*k. Give m(z).
-2
Let k(y) be the second derivative of y**5/120 - y**4/24 + y**3 + 2*y. Let w(g) be the second derivative of k(g). Calculate w(0).
-1
Let l(o) be the first derivative of -o**2 + 2*o - 11. Calculate l(4).
-6
Let o(t) be the third derivative of -t**4/24 - 7*t**3/6 + 11*t**2 - 1. Suppose 0 = -2*a - l - 5, 2*l = 4*a + 6*l + 20. What is o(a)?
-7
Let m be 4/(-6)*(-15)/10. Let k(j) = -m - 3 + 5 - 11*j. Suppose 0 = -o - 2 + 3. Calculate k(o).
-10
Let v(f) = f**3 + 8*f**2 + f + 8. Let o be v(-8). Let c(l) = l**3 - 4*l - l**2 - 3 + 2 + o. Calculate c(3).
5
Let v(z) be the second derivative of z**5/20 - 5*z**4/12 - 2*z**3/3 - 2*z**2 - 4*z. What is v(6)?
8
Let p(l) = 5*l - 3*l**2 + 1 - 4 - 3*l**2 + l**3. Let q be (-342)/(-63) - (-6)/(-14). What is p(q)?
-3
Let l be (-123)/24 - (-5)/40. Let v be 0 + 0 + 6/2. Let f(q) = 8*q**2 + 2*q + 2*q**2 - 4*q**2 - 5 + q**v. Determine f(l).
10
Let v(o) = -7*o**2 - 6*o - 11. Let j(u) = -u**2 + 2*u**2 - 1 + 2. Let q(x) = 6*j(x) + v(x). Let i = 121 - 126. Give q(i).
0
Let p = -137 + 144. Let s(a) = -a**3 + 8*a**2 - 9*a + 10. Give s(p).
-4
Let d(k) = 2*k**3 + 2*k**2 - 2*k. Let s(n) = n**2 + 5*n - 2. Let a be s(-5). What is d(a)?
-4
Suppose 6 = -w + 7*w. Let d(s) = 9*s + 1. Calculate d(w).
10
Let r(m) = -5*m**2 + 6*m + 7. Let l(u) = -6*u**2 + 6*u + 8. Let x(d) = -4*l(d) + 5*r(d). What is x(5)?
8
Let c(i) = i**3 - 6*i**2 - 2*i + 2. Let n = 18 + -12. Determine c(n).
-10
Let z(s) = 3*s + 1. Let c be z(3). Let f be (-8)/c*5/2. Let j(y) = -2*y**3 - 3*y**2 - 2*y - 1. Determine j(f).
7
Let h(a) = -2*a + 10. Let b be h(-7). Let p be (b/(-9))/2*-3. Let z(d) = d**3 - 4*d**2 - d + 1. Determine z(p).
-3
Let i(l) be the third derivative of 0*l + 0 - 1/6*l**3 - 2*l**2 - 1/120*l**5 - 1/12*l**4. Let o(v) be the first derivative of i(v). Give o(-2).
0
Let s(n) be the second derivative of -n**6/720 - 7*n**5/120 - n**4/6 + 2*n. Let i(k) be the third derivative of s(k). Let m be 0*(2 - 21/9). Determine i(m).
-7
Let r(a) = 16 - 7 - 5*a - 10. Let o(d) = d. Let c(w) = 11*o(w) + 2*r(w). Suppose 2*p = 6*p - 12. Give c(p).
1
Let l(f) = -f - 10. Let o be l(-13). Let h(r) = 2*r**3 - 4*r + o*r**2 - 4 - 8*r**2 - 5*r**3 + 2*r**3. Give h(-4).
-4
Let a(j) be the third derivative of 0*j - 1/6*j**3 + 1/12*j**4 + 0 - 1/120*j**6 - 1/30*j**5 + j**2. What is a(1)?
-2
Let z(u) = 7*u**3 + u**2 - 16*u - 11. Let b(v) = 4*v**3 - 8*v - 6. Let i(c) = -5*b(c) + 3*z(c). Determine i(-5).
-13
Suppose l - 3*o - 12 = o, -3*l + o + 3 = 0. Let b(p) be the third derivative of p**6/120 + p**4/24 - p**3/2 - p**2. Determine b(l).
-3
Suppose -177 = 7*u - 184. Let d(r) = 2*r + 1. Give d(u).
3
Let y(n) = n**2 + 5*n + 3. Let m = -36 - -31. Give y(m).
3
Let x(l) be the first derivative of l**3/3 + l**2/2 - l + 5. Calculate x(0).
-1
Let c(t) = -t**3 - t**2 - t + 1. Let b(x) = -5*x**3 - 9*x**2 - 3*x + 8. Let k(m) = -b(m) + 4*c(m). What is k(-5)?
1
Let w(f) = 6*f + 2. Let l(i) = 3*i + 1. Suppose 0*h = 3*c - 5*h - 28, 2*c + 3*h = 25. Let n(m) = c*l(m) - 6*w(m). What is n(2)?
-7
Let j(a) = -a**3 - 6*a**2 + a + 7. Suppose 2*f - 6 = 3*f. Give j(f).
1
Let m be ((-3)/2 - -1)*8. Let f = 4 + -2. Let s(j) = j. Let b(n) = -4*n - 6. Let r(y) = f*s(y) + b(y). What is r(m)?
2
Let k(g) be the second derivative of -2*g - 1/12*g**4 + g**2 + 0 + 1/6*g**3 - 1/40*g**6 + 0*g**5. Let x(n) be the first derivative of k(n). Determine x(1).
-4
Let p be -9 + 3 + (-24)/(-6). Let c(n) = 2*n + 3. Give c(p).
-1
Let d(a) = a + 12. Let k = 25 - 30. What is d(k)?
7
Let f(a) = 8*a**2 - 14*a + 9. Let i(k) = -7*k**2 + 13*k - 8. Let o(l) = 5*f(l) + 6*i(l). Give o(5).
-13
Let q(s) = -s**3 - 3*s**2 + 7*s + 6. Let l = -86 + 82. Determine q(l).
-6
Let o(f) be the second derivative of -f**3/6 + f**2 + 8*f. What is o(6)?
-4
Let y(h) = -h + 5. Let c = 18 + -50. Let n be (0 - (2 - 3))*4. Let g be c/(-12)*6/n. Calculate y(g).
1
Suppose 13*r - 14 = 11*r. Let p(m) = m - 2. Give p(r).
5
Suppose 0 = 2*t + 2*t. Let f(n) = -1 + 2*n + n + t + n. Give f(2).
7
Let o(f) be the second derivative of -5*f**3/6 + 5*f**2/2 - 15*f. What is o(-4)?
25
Let v(f) = -7*f**3 + 4*f**2 + 5*f + 8. Let b(t) = 6*t**3 - 4*t**2 - 4*t - 7. Suppose -2 = 5*l + 28. Let o(d) = l*b(d) - 5*v(d). Calculate o(3).
8
Let a(x) = -8*x + 1. Suppose 6*m + 2 = 8. Give a(m).
-7
Let c(a) = a**2 + 6*a + 2. Let n = -3 + 8. Suppose f - n*f - 16 = 0. Calculate c(f).
-6
Suppose 4*h = 1 + 15, -3*v - 3*h = 6. Let t(b) be the third derivative of -b**5/60 - b**4/6 + 5*b**3/6 + 12*b**2. Calculate t(v).
-7
Let w(p) = 4*p**3 + 5*p - 3*p + 2*p**2 - 3*p**2 - 1. What is w(1)?
4
Suppose 0 = -4*n + 7 - 3. Let l(o) = 6*o**3 + 2*o**2 - 1. Determine l(n).
7
Let t(h) = -h**3 - 4*h**2 + 3*h + 4. Let q = 7 - 4. Suppose q*y = 2*y - 4. Calculate t(y).
-8
Suppose 3 = 5*z - 7. Suppose k = -k + 2*a + z, -9 = -3*k - 3*a. Let y(x) = 2*x**2 + x + 2. Let w(p) = 2*p**2 + p + 1. Let c(d) = -3*w(d) + 2*y(d). Give c(k).
-9
Let m(a) be the third derivative of -a**4/24 - 5*a**3/6 - 3*a**2. Calculate m(-7).
2
Suppose -4*j - 73 = -53. Let u(r) = -3*r - r**2 - r + 3 + 2*r. Give u(j).
-12
Let q be (-8)/(-12) - 2/3. Suppose 12 + q = -4*f. Let c(u) = u**2 + u + 1. What is c(f)?
7
Let d(l) = l**2 - l - 2. Suppose 3*q - 2 = 2*n, -3*q - 2*q - 3*n = 22. Let y be d(q). Let f(o) = 5*o**2 - 7*o**2 + y*o**2 + 4 - 4*o. Give f(3).
10
Let s(k) = -k**2 - 2*k - 3. Let b(m) = -2*m**2 - 3*m - 4. Let l(y) = -2*b(y) + 3*s(y). Let z be l(-1). Let r(x) = z*x**2 - 3*x + 2*x + 3 + x**2. Determine r(0).
3
Let y = -5 + 8. Let n(o) = 5*o + y*o - 4 + 3. What is n(-1)?
-9
Let j(p) be the first derivative of 2*p**4 + p**2 + p - 46. Suppose 0 = -0*o + o. Let u = o - 1. Calculate j(u).
-9
Let w = 5 - -1. Let t(x) = w*x - 3*x + 0 + 3. Let j be (10/25)/(4/(-20)). What is t(j)?
-3
Let d(w) be the second derivative of w**5/60 - 5*w**4/24 + w**3/3 - w**2 - w. Let i(a) be the first derivative of d(a). Determine i(2).
-4
Let g(c) = 75*c + 2 - 5 - 79*c. What is g(-2)?
5
Let f be (11 + -5)*1/(-3)*-5. Let a(o) = o - 8. Calculate a(f).
2
Let n(g) = 3*g + g + 1 - 5*g. Let r(l) = 7*l - 1. Let z(f) = -4*f. Let j(u) = -3*r(u) - 5*z(u). Let w(q) = j(q) + n(q). Calculate w(3).
-2
Let m(a) be the third derivative of a**4/6 + a**3/3 - 17*a**2. Give m(2).
10
Suppose -2*o = 3*o - 25. Let d = 3 - o. Let h(w) = -3*w**2 - 3. Let l(y) = 2*y**2 + 2. Let x(p) = 5*h(p) + 7*l(p). Determine x(d).
-5
Let s(b) be the second derivative of b**3/6 + b**2/2 + 5*b. What is s(3)?
4
Let m(j) = -8*j - 8*j - 2 + 15*j. Determine m(4).
-6
Let s(p) be the second derivative of -p**5/60 + p**4/4 + 2*p**3/3 - p**2/2 + p. Let l(j) be the first derivative of s(j). Calculate l(5).
9
Let g(b) be the first derivative of b**3/3 - 5*b**2/2 - b - 1. Suppose 4*i = -4*i + 40. Determine g(i).
-1
Let o(j) = -3*j**2 + 1 + 2*j - 2*j**2 + 4*j**2 - 2. Let v be 1 - 1 - (-4 + 2). Suppose -v*a + a + 2 = 0. Give o(a).
-1
Suppose -2*l - l - 18 = 0. Let v(z) = z**3 + 7*z**2 + 9*z + 9. Calculate v(l).
-9
Let o(z) be the third derivative of z**4/12 - z**3 - 2*z**2. Give o(4).
2
Suppose n = 2 + 2. Suppose -y = -5, -5*t + 15 = n*y - 5. Let f(u) = u**2 - u + 5. Determine f(t).
5
Suppose 3*a - 8*a - 98 = -3*l, 185 = 5*l - 4*a. Let u(b) = -48*b**2 + 6*b - 2*b**3 + l*b**2 - 7 + 3*b**3. Give u(6).
-7
Let f(z) = -z**3 - z**2 - 3. Suppose -4*d = 6 - 22. Suppose -s - 3*l + 5 = 2, s = -d*l + 4. Give f(s).
-3
Let z(b) be the third derivative of -1/12*b**5 - 1/24*b**4 - 3*b**2 + 0*b - 1/6*b**3 + 0. Let w = 1 